{"id":3158,"date":"2022-02-07T17:51:33","date_gmt":"2022-02-07T21:51:33","guid":{"rendered":"https:\/\/gadelanegado.gob.ec\/manabi\/?page_id=3158"},"modified":"2023-06-09T09:09:32","modified_gmt":"2023-06-09T13:09:32","slug":"rendicion-de-cuentas-2022","status":"publish","type":"page","link":"https:\/\/gadelanegado.gob.ec\/manabi\/rendicion-de-cuentas-2022\/","title":{"rendered":"Rendici\u00f3n de Cuentas 2022"},"content":{"rendered":"<p>FORMULARIO<\/p>\n<p><a href=\"https:\/\/gadelanegado.gob.ec\/manabi\/wp-content\/uploads\/2023\/05\/FORMULARIO-RC-GAD-ANEGADO2022.pdf\">FORMULARIO RC GAD ANEGADO2022<\/a><\/p>\n<p>INFORME DE RENDICION DE CUENTA 2022<\/p>\n<p><a href=\"https:\/\/gadelanegado.gob.ec\/manabi\/wp-content\/uploads\/2023\/05\/Informe-de-rendicion-de-cuenta-2022.pdf\">Informe de rendicion de cuenta 2022<\/a><\/p>\n<p>REPORTE DE RENDICI\u00d3N DE CUENTA<\/p>\n<p><a href=\"https:\/\/gadelanegado.gob.ec\/manabi\/wp-content\/uploads\/2023\/06\/ReporteInformeGad-RENDICION-DE-CUENTA-2022.pdf\">ReporteInformeGad RENDICION DE CUENTA 2022<\/a><\/p>\n<p>Rendici\u00f3n de cuenta 2022<\/p>\n<p><img loading=\"lazy\" decoding=\"async\" class=\"alignnone size-medium wp-image-3742\" src=\"https:\/\/gadelanegado.gob.ec\/manabi\/wp-content\/uploads\/2023\/05\/WhatsApp-Image-2023-05-11-at-10.08.33-1-550x309.jpeg\" alt=\"\" width=\"550\" height=\"309\" srcset=\"https:\/\/gadelanegado.gob.ec\/manabi\/wp-content\/uploads\/2023\/05\/WhatsApp-Image-2023-05-11-at-10.08.33-1-550x309.jpeg 550w, https:\/\/gadelanegado.gob.ec\/manabi\/wp-content\/uploads\/2023\/05\/WhatsApp-Image-2023-05-11-at-10.08.33-1-1024x576.jpeg 1024w, https:\/\/gadelanegado.gob.ec\/manabi\/wp-content\/uploads\/2023\/05\/WhatsApp-Image-2023-05-11-at-10.08.33-1-768x432.jpeg 768w, https:\/\/gadelanegado.gob.ec\/manabi\/wp-content\/uploads\/2023\/05\/WhatsApp-Image-2023-05-11-at-10.08.33-1-1536x864.jpeg 1536w, https:\/\/gadelanegado.gob.ec\/manabi\/wp-content\/uploads\/2023\/05\/WhatsApp-Image-2023-05-11-at-10.08.33-1.jpeg 1600w\" sizes=\"auto, (max-width: 550px) 100vw, 550px\" \/> <img loading=\"lazy\" decoding=\"async\" class=\"alignnone size-medium wp-image-3743\" src=\"https:\/\/gadelanegado.gob.ec\/manabi\/wp-content\/uploads\/2023\/05\/WhatsApp-Image-2023-05-11-at-10.08.33-2-550x309.jpeg\" alt=\"\" width=\"550\" height=\"309\" srcset=\"https:\/\/gadelanegado.gob.ec\/manabi\/wp-content\/uploads\/2023\/05\/WhatsApp-Image-2023-05-11-at-10.08.33-2-550x309.jpeg 550w, https:\/\/gadelanegado.gob.ec\/manabi\/wp-content\/uploads\/2023\/05\/WhatsApp-Image-2023-05-11-at-10.08.33-2-1024x576.jpeg 1024w, https:\/\/gadelanegado.gob.ec\/manabi\/wp-content\/uploads\/2023\/05\/WhatsApp-Image-2023-05-11-at-10.08.33-2-768x432.jpeg 768w, https:\/\/gadelanegado.gob.ec\/manabi\/wp-content\/uploads\/2023\/05\/WhatsApp-Image-2023-05-11-at-10.08.33-2-1536x864.jpeg 1536w, https:\/\/gadelanegado.gob.ec\/manabi\/wp-content\/uploads\/2023\/05\/WhatsApp-Image-2023-05-11-at-10.08.33-2.jpeg 1600w\" sizes=\"auto, (max-width: 550px) 100vw, 550px\" \/><\/p>\n<p>Participaci\u00f3n del consejo de planilifaci\u00f3n<\/p>\n<p><img loading=\"lazy\" decoding=\"async\" class=\"alignnone size-medium wp-image-3744\" src=\"https:\/\/gadelanegado.gob.ec\/manabi\/wp-content\/uploads\/2023\/05\/WhatsApp-Image-2023-05-11-at-10.08.33-550x309.jpeg\" alt=\"\" width=\"550\" height=\"309\" srcset=\"https:\/\/gadelanegado.gob.ec\/manabi\/wp-content\/uploads\/2023\/05\/WhatsApp-Image-2023-05-11-at-10.08.33-550x309.jpeg 550w, https:\/\/gadelanegado.gob.ec\/manabi\/wp-content\/uploads\/2023\/05\/WhatsApp-Image-2023-05-11-at-10.08.33-1024x576.jpeg 1024w, https:\/\/gadelanegado.gob.ec\/manabi\/wp-content\/uploads\/2023\/05\/WhatsApp-Image-2023-05-11-at-10.08.33-768x432.jpeg 768w, https:\/\/gadelanegado.gob.ec\/manabi\/wp-content\/uploads\/2023\/05\/WhatsApp-Image-2023-05-11-at-10.08.33-1536x864.jpeg 1536w, https:\/\/gadelanegado.gob.ec\/manabi\/wp-content\/uploads\/2023\/05\/WhatsApp-Image-2023-05-11-at-10.08.33.jpeg 1600w\" sizes=\"auto, (max-width: 550px) 100vw, 550px\" \/><\/p>\n<p>PRESUPUESTO PARTICIPATIVO<\/p>\n<p><img loading=\"lazy\" decoding=\"async\" class=\"alignnone size-medium wp-image-3745\" src=\"https:\/\/gadelanegado.gob.ec\/manabi\/wp-content\/uploads\/2023\/05\/WhatsApp-Image-2023-05-11-at-10.19.10-2-550x241.jpeg\" alt=\"\" width=\"550\" height=\"241\" srcset=\"https:\/\/gadelanegado.gob.ec\/manabi\/wp-content\/uploads\/2023\/05\/WhatsApp-Image-2023-05-11-at-10.19.10-2-550x241.jpeg 550w, https:\/\/gadelanegado.gob.ec\/manabi\/wp-content\/uploads\/2023\/05\/WhatsApp-Image-2023-05-11-at-10.19.10-2-1024x449.jpeg 1024w, https:\/\/gadelanegado.gob.ec\/manabi\/wp-content\/uploads\/2023\/05\/WhatsApp-Image-2023-05-11-at-10.19.10-2-768x337.jpeg 768w, https:\/\/gadelanegado.gob.ec\/manabi\/wp-content\/uploads\/2023\/05\/WhatsApp-Image-2023-05-11-at-10.19.10-2-1536x674.jpeg 1536w, https:\/\/gadelanegado.gob.ec\/manabi\/wp-content\/uploads\/2023\/05\/WhatsApp-Image-2023-05-11-at-10.19.10-2.jpeg 1600w\" sizes=\"auto, (max-width: 550px) 100vw, 550px\" \/> <img loading=\"lazy\" decoding=\"async\" class=\"alignnone size-medium wp-image-3746\" src=\"https:\/\/gadelanegado.gob.ec\/manabi\/wp-content\/uploads\/2023\/05\/WhatsApp-Image-2023-05-11-at-10.19.10-1-550x241.jpeg\" alt=\"\" width=\"550\" height=\"241\" srcset=\"https:\/\/gadelanegado.gob.ec\/manabi\/wp-content\/uploads\/2023\/05\/WhatsApp-Image-2023-05-11-at-10.19.10-1-550x241.jpeg 550w, https:\/\/gadelanegado.gob.ec\/manabi\/wp-content\/uploads\/2023\/05\/WhatsApp-Image-2023-05-11-at-10.19.10-1-1024x449.jpeg 1024w, https:\/\/gadelanegado.gob.ec\/manabi\/wp-content\/uploads\/2023\/05\/WhatsApp-Image-2023-05-11-at-10.19.10-1-768x337.jpeg 768w, https:\/\/gadelanegado.gob.ec\/manabi\/wp-content\/uploads\/2023\/05\/WhatsApp-Image-2023-05-11-at-10.19.10-1.jpeg 1080w\" sizes=\"auto, (max-width: 550px) 100vw, 550px\" \/><\/p>\n","protected":false},"excerpt":{"rendered":"<p>FORMULARIO FORMULARIO RC GAD ANEGADO2022 INFORME DE RENDICION DE CUENTA 2022 Informe de rendicion de cuenta 2022 REPORTE DE RENDICI\u00d3N DE CUENTA ReporteInformeGad RENDICION DE CUENTA 2022 Rendici\u00f3n de cuenta 2022 Participaci\u00f3n del consejo de planilifaci\u00f3n PRESUPUESTO PARTICIPATIVO<\/p>\n","protected":false},"author":4,"featured_media":0,"parent":0,"menu_order":0,"comment_status":"closed","ping_status":"closed","template":"","meta":[],"yst_prominent_words":[156,157,154,155],"class_list":["post-3158","page","type-page","status-publish","hentry","description-off"],"_links":{"self":[{"href":"https:\/\/gadelanegado.gob.ec\/manabi\/wp-json\/wp\/v2\/pages\/3158","targetHints":{"allow":["GET"]}}],"collection":[{"href":"https:\/\/gadelanegado.gob.ec\/manabi\/wp-json\/wp\/v2\/pages"}],"about":[{"href":"https:\/\/gadelanegado.gob.ec\/manabi\/wp-json\/wp\/v2\/types\/page"}],"author":[{"embeddable":true,"href":"https:\/\/gadelanegado.gob.ec\/manabi\/wp-json\/wp\/v2\/users\/4"}],"replies":[{"embeddable":true,"href":"https:\/\/gadelanegado.gob.ec\/manabi\/wp-json\/wp\/v2\/comments?post=3158"}],"version-history":[{"count":6,"href":"https:\/\/gadelanegado.gob.ec\/manabi\/wp-json\/wp\/v2\/pages\/3158\/revisions"}],"predecessor-version":[{"id":3777,"href":"https:\/\/gadelanegado.gob.ec\/manabi\/wp-json\/wp\/v2\/pages\/3158\/revisions\/3777"}],"wp:attachment":[{"href":"https:\/\/gadelanegado.gob.ec\/manabi\/wp-json\/wp\/v2\/media?parent=3158"}],"wp:term":[{"taxonomy":"yst_prominent_words","embeddable":true,"href":"https:\/\/gadelanegado.gob.ec\/manabi\/wp-json\/wp\/v2\/yst_prominent_words?post=3158"}],"curies":[{"name":"wp","href":"https:\/\/api.w.org\/{rel}","templated":true}]}}